
False
Is 135089 a composite number?
False
Is 505889 a prime number?
False
Is 42589 composite?
False
Is 4126 a composite number?
True
Is 217207 a composite number?
False
Is 3671 a prime number?
True
Is 3547 a composite number?
False
Is 8633 a composite number?
True
Is 94811 composite?
False
Is 238877 a prime number?
True
Is 3209 a prime number?
True
Is 138857 a prime number?
False
Is 809785 prime?
False
Is 287407 composite?
True
Is 269471 composite?
True
Is 2279009 a prime number?
True
Is 64219 composite?
True
Is 61733 composite?
True
Is 254641 a prime number?
False
Is 77705 a composite number?
True
Is 2426 a prime number?
False
Is 49249 a composite number?
True
Is 82865 prime?
False
Is 33377 prime?
True
Is 347747 a composite number?
False
Is 64217 prime?
True
Is 1083623 prime?
False
Is 100151 a prime number?
True
Is 104421 prime?
False
Is 4397 prime?
True
Is 143758 composite?
True
Is 43619 composite?
True
Is 806009 prime?
True
Is 335843 a prime number?
True
Is 2125001 a composite number?
False
Is 68543 a prime number?
True
Is 11189 a composite number?
True
Is 1759 a composite number?
False
Is 80651 a composite number?
False
Is 4393 prime?
False
Is 24359 prime?
True
Is 47491 a prime number?
True
Is 151007 a prime number?
True
Is 8563 prime?
True
Is 33047 composite?
True
Is 31841 composite?
True
Is 628973 a composite number?
False
Is 104623 prime?
True
Is 15133 a prime number?
False
Is 71573 a prime number?
False
Is 4511 a composite number?
True
Is 13901 a composite number?
False
Is 16843 prime?
True
Is 407873 a prime number?
False
Is 82757 a composite number?
False
Is 5342345 composite?
True
Is 43961 composite?
False
Is 15491 a composite number?
True
Is 6598 composite?
True
Is 18331 prime?
False
Is 2175223 prime?
True
Is 7057 prime?
True
Is 3847 prime?
True
Is 174079 a composite number?
False
Is 671362 composite?
True
Is 5849 composite?
False
Is 1482871 a prime number?
False
Is 2195 composite?
True
Is 403931 composite?
True
Is 2137 a composite number?
False
Is 54491 a composite number?
True
Is 102439 a composite number?
True
Is 521981 composite?
False
Is 19369 prime?
False
Is 231701 composite?
False
Is 4127 a prime number?
True
Is 18899 a composite number?
False
Is 10757 composite?
True
Is 2179 prime?
True
Is 256799 composite?
False
Is 37769 composite?
True
Is 3554 prime?
False
Is 201029 composite?
True
Is 1091581 prime?
True
Is 2495 composite?
True
Is 33141 a prime number?
False
Is 26443 composite?
True
Is 10559 prime?
True
Is 561649 a prime number?
False
Is 587987 a composite number?
False
Is 8747 a composite number?
False
Is 928849 composite?
False
Is 109063 a composite number?
False
Is 48299 prime?
True
Is 12871 a prime number?
False
Is 1651 prime?
False
Is 3778 prime?
False
Is 1116361 prime?
False
Is 251 composite?
False
Is 77951 composite?
False
Is 163811 prime?
True
Is 10247 prime?
True
Is 63317 a prime number?
True
Is 3271 prime?
True
Is 23183 prime?
False
Is 17513 a composite number?
True
Is 10694 a prime number?
False
Is 365 composite?
True
Is 18701 composite?
False
Is 211 composite?
False
Is 1171 a composite number?
False
Is 2081 a composite number?
False
Is 78985 a composite number?
True
Is 546269 prime?
False
Is 522019 a composite number?
True
Is 12381 a composite number?
True
Is 10079 composite?
False
Is 62681 composite?
True
Is 25439 composite?
False
Is 226999 a composite number?
True
Is 34973 a prime number?
False
Is 227434 a composite number?
True
Is 7297 prime?
True
Is 54869 a prime number?
True
Is 4861 a composite number?
False
Is 159347 prime?
True
Is 195689 prime?
False
Is 34409 composite?
True
Is 382883 a prime number?
True
Is 161513 composite?
True
Is 19715 a prime number?
False
Is 6805 a prime number?
False
Is 361577 prime?
True
Is 19063 a composite number?
True
Is 11641 prime?
False
Is 127373 prime?
True
Is 208423 composite?
True
Is 3967 a composite number?
False
Is 24841 a composite number?
False
Is 83653 prime?
True
Is 83541 composite?
True
Is 1259 composite?
False
Is 947929 prime?
False
Is 2183 a composite number?
True
Is 3833 composite?
False
Is 124861 composite?
True
Is 27309 composite?
True
Is 1039 a prime number?
True
Is 8263 a composite number?
False
Is 5147 composite?
False
Is 642131 prime?
False
Is 252002 a prime number?
False
Is 123663 composite?
True
Is 18517 a prime number?
True
Is 12893 a composite number?
False
Is 20281 a prime number?
False
Is 174121 prime?
True
Is 37217 composite?
False
Is 14243 composite?
False
Is 1292243 a composite number?
False
Is 30413 a prime number?
False
Is 32467 prime?
True
Is 1363 a prime number?
False
Is 11873 a composite number?
True
Is 213407 prime?
True
Is 58323 prime?
False
Is 19961 composite?
False
Is 3031 prime?
False
Is 171677 a composite number?
True
Is 1333405 prime?
False
Is 452159 prime?
True
Is 27539 a prime number?
True
Is 215417 prime?
True
Is 2077 prime?
False
Is 18463 a prime number?
False
Is 3453 a prime number?
False
Is 1252021 prime?
True
Is 1471807 prime?
True
Is 17281 a prime number?
False
Is 276137 composite?
False
Is 227861 a composite number?
True
Is 17291 a prime number?
True
Is 609563 a composite number?
True
Is 15217 a prime number?
True
Is 4583 prime?
True
Is 300289 a composite number?
True
Is 28403 prime?
True
Is 27341 composite?
True
Is 6581291 a composite number?
False
Is 8135 a prime number?
False
Is 193997 composite?
True
Is 2818 prime?
False
Is 140077 prime?
False
Is 14197 a composite number?
False
Is 125381 a prime number?
False
Is 38069 a composite number?
False
Is 629833 composite?
True
Is 64939 a prime number?
False
Is 11957 a composite number?
True
Is 198853 a composite number?
True
Is 34123 a prime number?
True
Is 6385 a prime number?
False
Is 111577 a composite number?
False
Is 52527 a prime number?
False
Is 4037 prime?
False
Is 38435 prime?
False
Is 56577 a composite number?
True
Is 793 a composite number?
True
Is 3007 a composite number?
True
Is 156619 composite?
False
Is 7507 a prime number?
True
Is 570569 a prime number?
True
Is 34841 a composite number?
False
Is 184139 a composite number?
True
Is 11887 a composite number?
False
Is 462827 a prime number?
True
Is 61129 prime?
True
Is 202691 prime?
False
Is 6679 prime?
True
Is 1516337 composite?
False
Is 34899 composite?
True
Is 241013 composite?
False
Is 80897 prime?
True
Is 5981 prime?
True
Is 1080899 prime?
True
Is 20707 a composite number?
False
Is 43863 prime?
False
Is 74699 prime?
True
Is 96643 composite?
False
Is 5578 a prime number?
False
Is 25613 prime?
False
Is 156431 a composite number?
True
Is 28239 composite?
True
Is 440303 composite?
False
Is 25999 composite?
False
Is 33509 a prime number?
False
Is 66331 composite?
True
Is 1189 composite?
True
Is 405451 a prime number?
False
Is 47301 a prime number?
False
Is 4075099 a prime number?
False
Is 14167 composite?
True
Is 607991 a composite number?
False
Is 134129 composite?
False
Is 2230453 composite?
True
Is 222221 prime?
False
Is 6769 a composite number?
True
Is 1399 composite?
False
Is 3526949 a composite number?
False
Is 4487 a prime number?
False
Is 27769 a composite number?
True
Is 117763 a prime number?
True
Is 73433 prime?
True
Is 2093603 prime?
True
Is 4467919 a prime number?
True
Is 4555 a composite number?
True
Is 290506 a prime number?
False
Is 10111 composite?
False
Is 280537 composite?
False
Is 2845 a composite number?
True
Is 7985 composite?
True
Is 8209 a prime number?
True
Is 144083 a prime number?
False
Is 17377 a prime number?
True
Is 1046057 composite?
True
Is 1589 prime?
False
Is 278029 prime?
True
Is 116239 composite?
False
Is 102587 composite?
False
Is 30491 prime?
True
Is 73265 prime?
False
Is 100043 composite?
False
Is 6467 composite?
True
Is 581597 prime?
True
Is 143263 a prime number?
True
Is 477671 composite?
False
Is 217261 a prime number?
False
Is 80893 a prime number?
False
Is 224101 prime?
True
Is 9803 composite?
False
Is 385213 prime?
False
Is 10487 a prime number?
True
Is 5579 a composite number?
True
Is 138421 a prime number?
False
Is 268661 composite?
False
Is 327713 a composite number?
True
Is 17179 a composite number?
True
Is 287321 a prime number?
True
Is 1441577 prime?
False
Is 4573 prime?
False
Is 105137 a composite number?
False
Is 64373 composite?
False
Is 43657 a composite num